is the greatest common factor of 16717249 and 487?
487
Calculate the highest common factor of 1019450 and 1320.
10
What is the highest common factor of 68980760 and 19976?
1816
What is the highest common divisor of 231 and 3367329?
21
Calculate the highest common factor of 15 and 12445221.
3
Calculate the greatest common divisor of 92120 and 1237792.
376
Calculate the highest common factor of 96481 and 112161.
49
Calculate the greatest common divisor of 34 and 628454.
2
What is the highest common divisor of 8037 and 10622?
47
What is the greatest common factor of 270 and 2816355?
15
What is the greatest common divisor of 15420 and 157719615?
3855
Calculate the highest common factor of 2044 and 194089.
7
Calculate the highest common divisor of 161416725 and 25.
25
What is the highest common factor of 32964 and 5654532?
804
Calculate the greatest common factor of 5875 and 2515250.
125
Calculate the greatest common factor of 2047 and 43346582.
23
What is the greatest common divisor of 38 and 86410043?
19
Calculate the highest common divisor of 801 and 712593.
9
Calculate the highest common factor of 102 and 15910538.
34
Calculate the highest common divisor of 885290030 and 19820.
9910
What is the greatest common divisor of 1827751 and 1?
1
What is the greatest common factor of 315378998 and 484?
242
What is the greatest common divisor of 186 and 3844682?
62
What is the highest common factor of 27247852 and 38924?
1052
Calculate the greatest common factor of 5460098 and 28.
14
What is the highest common divisor of 777576466 and 596?
298
What is the greatest common factor of 74487400 and 100?
100
Calculate the greatest common factor of 246 and 1872912.
6
What is the greatest common divisor of 218 and 334350742?
218
Calculate the highest common divisor of 5252827 and 72429.
3449
What is the highest common factor of 957760 and 6260?
20
What is the highest common factor of 5754338 and 13648?
1706
What is the highest common divisor of 62 and 42672089?
31
Calculate the highest common factor of 8944584 and 612.
204
Calculate the highest common divisor of 12655374 and 12.
6
What is the greatest common divisor of 4679535 and 13940?
205
Calculate the greatest common divisor of 23073786 and 36.
18
What is the highest common divisor of 10900 and 971650?
50
Calculate the greatest common divisor of 72409 and 3964217.
703
What is the greatest common divisor of 138035 and 7201?
19
What is the highest common divisor of 2883210 and 28050?
330
Calculate the highest common factor of 1242 and 19644921.
207
Calculate the highest common divisor of 387 and 827720760.
129
What is the greatest common factor of 112 and 49910?
14
What is the highest common divisor of 1795298 and 14?
2
What is the highest common divisor of 1082242 and 8050?
322
What is the highest common factor of 569680800 and 8835?
8835
Calculate the highest common divisor of 177129 and 9729.
9
Calculate the highest common divisor of 1228230 and 101250.
270
Calculate the greatest common divisor of 169 and 424307624.
169
Calculate the greatest common factor of 1425 and 178712575.
475
Calculate the greatest common divisor of 885292 and 19975.
799
What is the highest common factor of 18072 and 2458584?
72
Calculate the greatest common divisor of 54817017 and 1059.
1059
Calculate the highest common factor of 3032754 and 168.
6
What is the greatest common divisor of 5421 and 251192877?
5421
Calculate the highest common factor of 309 and 262368501.
309
What is the highest common factor of 438066 and 2070?
18
What is the highest common factor of 20699585 and 10?
5
What is the highest common divisor of 41180 and 8265?
145
Calculate the highest common factor of 6240 and 13006396.
52
Calculate the highest common divisor of 339087 and 4179.
21
Calculate the greatest common factor of 80 and 224479270.
10
What is the highest common factor of 2696 and 998?
2
What is the greatest common factor of 1503 and 6366708?
1503
Calculate the greatest common factor of 2475996 and 405996.
276
What is the highest common divisor of 60813305 and 35?
35
Calculate the highest common factor of 88 and 124652.
44
Calculate the greatest common factor of 1493504 and 142933.
2917
What is the highest common factor of 79688700 and 1274?
1274
What is the highest common divisor of 432049 and 2331?
37
What is the greatest common factor of 1872213 and 91?
7
Calculate the greatest common divisor of 1538592 and 231.
33
Calculate the greatest common factor of 2620006 and 228021.
4471
What is the highest common factor of 463187 and 2938?
113
What is the highest common divisor of 275944347 and 126?
63
Calculate the highest common divisor of 589 and 2528558.
19
Calculate the greatest common factor of 648 and 20127192.
24
What is the highest common divisor of 1281437498 and 1166?
1166
Calculate the greatest common factor of 1680367 and 23753827.
9943
Calculate the highest common divisor of 721 and 375435.
103
What is the highest common factor of 6963666 and 2?
2
What is the highest common divisor of 6180 and 13237860?
60
Calculate the highest common factor of 20 and 1466852720.
20
What is the highest common factor of 6490 and 6856685?
3245
What is the greatest common divisor of 70812 and 233792?
1124
What is the highest common divisor of 111853 and 86507?
551
Calculate the greatest common factor of 173309688 and 216.
72
Calculate the greatest common divisor of 598 and 31781009.
299
What is the greatest common factor of 18 and 735720858?
18
What is the highest common factor of 85950 and 20710?
10
What is the greatest common factor of 1581621 and 6?
3
What is the greatest common divisor of 305 and 295605451?
61
What is the greatest common divisor of 515848540 and 20?
20
What is the highest common factor of 21016408 and 88987?
3869
Calculate the highest common divisor of 585 and 145786615.
65
Calculate the highest common divisor of 121514930 and 140.
10
What is the highest common divisor of 135 and 35377560?
135
Calculate the highest common factor of 248 and 5509568.
248
What is the highest common divisor of 452212939 and 38?
19
What is the highest common factor of 19579 and 7554697?
2797
What is the highest common divisor of 260 and 1174280?
20
What is the highest common factor of 58443 and 48470499?
5313
What is the highest common factor of 2890 and 9815885?
1445
What is the highest common factor of 56497 and 60270?
49
What is the greatest common divisor of 60496816 and 16?
16
What is the greatest common factor of 2056918 and 157276?
274
What is the greatest common divisor of 3200 and 62632?
8
What is the highest common factor of 2 and 37900096?
2
Calculate the greatest common divisor of 2356 and 1261011.
19
What is the greatest common divisor of 2664 and 631479?
111
What is the highest common divisor of 11274850 and 415?
5
Calculate the highest common divisor of 2025276 and 48777.
687
Calculate the highest common divisor of 1315602 and 68769.
243
What is the greatest common divisor of 64020586 and 7?
7
What is the greatest common factor of 92205703 and 5974?
2987
Calculate the greatest common factor of 100 and 2197147900.
100
What is the highest common factor of 21263351 and 211760?
2647
What is the greatest common divisor of 21245665 and 1225?
245
Calculate the highest common divisor of 376130 and 696290.
290
Calculate the greatest common divisor of 5120 and 200352.
32
What is the highest common factor of 8814778 and 873?
97
Calculate the greatest common factor of 9486065 and 89.
89
Calculate the highest common divisor of 36000 and 693300.
300
What is the highest common factor of 1817 and 291008903?
1817
Calculate the highest common divisor of 91333 and 89889.
361
Calculate the greatest common factor of 444393546 and 6.
6
What is the highest common divisor of 615048 and 39?
3
What is the greatest common factor of 322296608 and 153?
17
Calculate the highest common factor of 3611470 and 47035.
2045
What is the greatest common divisor of 260278 and 2752286?
362
Calculate the greatest common divisor of 154 and 243122.
22
What is the greatest common divisor of 74645816 and 9800?
392
What is the highest common divisor of 4438 and 694910916?
4438
What is the highest common factor of 258 and 129285520?
86
Calculate the greatest common factor of 7539576 and 2